 the highest common divisor of f and 20?
20
Let g = 21 + -14. Suppose 3*b + 3 + 1 = -2*k, k + 3 = -b. Suppose b*o = -h + 158, h + 34 + 116 = 2*o. What is the greatest common factor of o and g?
7
Let h = 14 - 6. Calculate the greatest common divisor of h and 8.
8
Let p be 17 + (-3)/3 + 20/10. Calculate the greatest common factor of p and 18.
18
Let a = 19 + -7. What is the greatest common factor of a and 36?
12
Let x be (4 + -4)/1 + 1. What is the highest common factor of x and 2?
1
Suppose -5*d - 2*u + 58 = 0, -d = -3*u - 0 + 2. What is the highest common divisor of d and 2?
2
Let f(x) = -11*x. Let p be 20/(-7) - (-2)/(-14). Let v be f(p). Calculate the greatest common divisor of 33 and v.
33
Let d(a) = a**2 + a - 9. Let j be d(-4). What is the highest common divisor of j and 3?
3
Let m = 3 + -7. Let a = m - -6. Suppose a*i + i = 90. Calculate the greatest common divisor of 6 and i.
6
Let x be -3 + 26 - (1 - -2). Suppose 14 = 5*d - r, -d + x = d - 4*r. Suppose -d*b + 18 = q - 3*q, 0 = 4*q. What is the highest common divisor of b and 63?
9
Let h(d) = -6*d. Let g be h(-10). Calculate the greatest common factor of 20 and g.
20
Suppose -i + 36 = -44. Let g be 4/14 - 222/(-7). What is the highest common factor of g and i?
16
Let v(c) = -2*c - 12. Let z be v(-9). Suppose 2*o - 6*o = -5*r + 172, 0 = -3*o + z. What is the greatest common factor of 4 and r?
4
Let i be ((-6)/4)/((-27)/36). Let h be (3 - i)/((-4)/(-28)). What is the highest common factor of h and 35?
7
Let z be 902*(5 - (-45)/(-10)). Calculate the greatest common divisor of z and 41.
41
Suppose 0*i + 5*i = 75. Let j(f) = 3*f**2 + f. Let r be 0 + (-3)/(9/6). Let l be j(r). Calculate the highest common factor of l and i.
5
Suppose 0*w + 3*w = 48. What is the highest common factor of 4 and w?
4
Suppose -2*z + 198 = 9*z. What is the highest common factor of z and 18?
18
Let d(o) be the first derivative of -3 - 4*o - 17/2*o**2. Let m be d(-4). What is the greatest common factor of 8 and m?
8
Let k(y) = -y + 14. Let o be k(-9). Calculate the highest common divisor of 161 and o.
23
Let l = -61 + 17. Let g = -24 - l. What is the greatest common factor of 140 and g?
20
Let l(z) = -41*z + 1. Let y be l(1). Let g be -1 - (1 + y + -2). Let w = -11 + 19. Calculate the highest common factor of g and w.
8
Let l = 0 - -1. Let n be 1*(-2 + l)*-3. Let z be 7/n - 1/3. What is the highest common divisor of 5 and z?
1
Suppose 6 = -d + 14. Suppose -4*a - d = -44. Let x(o) = -30*o + 3. Let b be x(-2). Calculate the greatest common divisor of b and a.
9
Let n = 15 - -9. What is the highest common factor of 168 and n?
24
Suppose -5*s - 3 = z + 5, -s - 56 = -3*z. What is the highest common divisor of z and 153?
17
Suppose -4*v = -6*v + 5*s + 1536, 3*v - 2299 = 5*s. Let m = v - 444. Calculate the highest common divisor of 29 and m.
29
Let s = 47 + 5. Let g(d) = d + 20. Let k be g(-13). Suppose -16 = -4*i, k = -j - 4*i + 36. Calculate the highest common factor of s and j.
13
Let m(k) = k - 12. Let p be m(15). Let b be (-2)/(-4) - p/(-6). Calculate the greatest common factor of 9 and b.
1
Let j = 116 - 80. Suppose -h + j = h. Let w be 3/6 - (-323)/2. What is the greatest common divisor of h and w?
18
Let t be (0 + 1)/(-1 - 0). Let m = 5 + t. Let v be (-44)/(-36) + m/(-18). Calculate the greatest common factor of v and 1.
1
Let k be (-8)/6 + 366/18. Calculate the highest common divisor of 171 and k.
19
Let f = 151 - 37. Suppose 4*h + 4*x - 80 = 0, 5*h - 2*x = -0*x + f. What is the highest common divisor of 242 and h?
22
Suppose -2*v + 23 = 4*s + 5, -s + 17 = 3*v. Calculate the greatest common factor of s and 8.
2
Suppose -2*g - z = -2*z + 8, -4*g - 16 = -5*z. Let q = 7 - g. Calculate the greatest common factor of q and 33.
11
Let v be (4/5)/(2/10). Let y be 3 + (-1)/(2/(-2)). Let q be y + (-1 - (2 - 3)). What is the highest common divisor of q and v?
4
Let b(g) = 43*g - 3. Let z be b(3). Calculate the greatest common factor of z and 28.
14
Let y be ((-15)/25)/((-3)/15). Suppose 0 = -r + 1, -y*s + 3*r + 39 = -2*s. Suppose m - 30 = -4*m. Calculate the greatest common factor of s and m.
6
Let r(x) = 4*x**2. Let d be r(1). What is the greatest common factor of d and 16?
4
Suppose -6 - 6 = 2*u. Let p be -18*21/u + 0. Let k be 18*(15/6)/5. What is the greatest common factor of k and p?
9
Let z = 132 - 88. What is the highest common divisor of z and 33?
11
Let o be 1/2 - 7/(-2). Let i be ((-147)/(-12) - 2)*o. Suppose 0 = 5*y - i - 334. Calculate the highest common divisor of y and 15.
15
Let z be (2 - 2 - 13)*1. Let p = -4 - z. Suppose 2*s - 2*u = -6*u + 12, -18 = -3*s + 5*u. What is the highest common divisor of p and s?
3
Let i = -8 + 6. Let p = 4 + i. Calculate the highest common factor of p and 2.
2
Let c be 11 + 1 + (-6)/(-3). Suppose 3*b - b - 14 = -3*h, 3*b - c = -h. What is the highest common divisor of 16 and b?
4
Suppose -3*j - 5 = -47. Suppose -2*l + 199 = -53. What is the highest common divisor of j and l?
14
Let q = 0 - -3. Let v be (-2)/(6/(-27)) - q. Suppose f - 30 = -0*f. What is the highest common factor of f and v?
6
Let a be 0/(-2 - -1 - 1). Suppose a = -r - 0*r + d + 4, 5*d = 20. What is the greatest common factor of 64 and r?
8
Suppose -n = -5*n + 2*v + 92, -2*n - 5*v + 34 = 0. Calculate the greatest common divisor of n and 11.
11
Suppose -n - 3*w = -10, -5*n = 5*w - 2*w - 62. Calculate the highest common factor of n and 13.
13
Suppose -8*a + 201 = -7. Calculate the highest common divisor of a and 52.
26
Let a be (390/20)/(1/(0 - -2)). Suppose 5*z - 82 = 48. What is the highest common factor of z and a?
13
Let o = 3 - -8. Let u = -3 + o. Calculate the highest common factor of 40 and u.
8
Let d(h) = 10*h - 2. Suppose 0 = w + 4*w - 10. Suppose -4*b + w*f + 27 = -b, -5*f - 50 = -5*b. Let v be d(b). Calculate the highest common divisor of 17 and v.
17
Suppose 7 = 3*o + 3*d - 2, -d - 29 = -3*o. Let m(c) = 3*c**2 - 5*c - 1. Let a be m(-4). Let g = a + -11. What is the highest common divisor of o and g?
8
Let u = -3 + 12. Calculate the highest common divisor of u and 36.
9
Let y be (-1 - -1) + 2 - -9. Let r(v) = -46*v + 7. Let g be r(-7). Suppose 2*u = -131 + g. Calculate the highest common factor of y and u.
11
Suppose -8 = -41*x + 37*x. Calculate the greatest common factor of 14 and x.
2
Suppose 0 = -0*g + 2*g - 400. What is the highest common factor of g and 20?
20
Let k = 7 - 4. Suppose k*i - 8 - 1 = 0. Suppose -3*s + 2*q + 195 = -3*q, -i*q - 69 = -s. Calculate the greatest common divisor of s and 40.
20
Let q(x) = -x - 7. Let s be q(-7). Suppose -5*u + s*u = 90. Let c = u + 27. Calculate the greatest common factor of c and 27.
9
Let l be 11 - (0 - (-1 - 0)). Suppose -144 - 406 = -5*y. Calculate the highest common divisor of l and y.
10
Let y(z) = z**3 - 5*z**2 + 11*z - 15. Let q be y(7). Calculate the highest common factor of q and 20.
20
Let t be ((-11)/4)/(1/(-8)). What is the greatest common factor of 2 and t?
2
Suppose z = -3*z - 8. Let u = 9 - z. What is the highest common divisor of u and 11?
11
Suppose 0 = 6*h - h. Let j be -3*(h - -1)*-4. Let w(x) = -x**2 + 11*x. Let i be w(5). Calculate the highest common factor of j and i.
6
Let l be (-18)/15*(-340)/6. Let c be l/(4 - 0) - -3. Suppose -8 = -0*g - g. Calculate the greatest common factor of c and g.
4
Let f(j) = -j**3 + 3*j**2 + 4*j. Let w be f(4). Let y be (-1)/(-1)*(0 - -2). Suppose w + y = r. Calculate the highest common divisor of r and 20.
2
Suppose 4 = 4*z, 3*c - 2*z = -2*c + 478. Let v = -77 + 141. Calculate the greatest common divisor of c and v.
32
Suppose 0 = -w - w + 142. Suppose -4*q = -3*b + 29, -5*b = -3*q + 2*q - w. Calculate the greatest common factor of b and 3.
3
Let t(f) = -f + 5. Let h be t(0). Suppose -3*z = h*a - 24, 5*a = 2*a + z + 20. Let s be a/(-4)*(-4 + 0). Calculate the greatest common factor of s and 4.
2
Suppose -21 - 51 = -3*y. What is the greatest common factor of 3 and y?
3
Let m be (-5)/2*156/(-15). Let k be -1*(-14)/1 - 1. Calculate the highest common divisor of k and m.
13
Let w = -5 - 6. Let d = w - -17. What is the highest common divisor of d and 48?
6
Suppose -3*o = -240 - 480. Calculate the greatest common factor of o and 15.
15
Let y be ((-14)/21)/(4/6)*-12. Calculate the highest common divisor of 4 an